{"id":104,"date":"2019-03-20T22:49:33","date_gmt":"2019-03-21T03:49:33","guid":{"rendered":"http:\/\/groupemetalex.com\/?page_id=104"},"modified":"2026-03-24T12:18:29","modified_gmt":"2026-03-24T17:18:29","slug":"metaux-ouvres","status":"publish","type":"page","link":"https:\/\/groupemetalex.com\/?page_id=104","title":{"rendered":"M\u00c9TAUX OUVR\u00c9S"},"content":{"rendered":"\r\n<p>Envoyez-nous vos devis pour la portion \u00ab\u00a0m\u00e9taux ouvr\u00e9s\u00a0\u00bb pour vos projets, il nous fera plaisir de travailler main dans la main avec votre \u00e9quipe pour accomplir les projets les plus diversifi\u00e9s.<\/p>\r\n\r\n\r\n\r\n<p>Groupe Metalex con\u00e7oit, assemble, r\u00e9pare et produit tout type d&rsquo;ouvrage m\u00e9cano-soud\u00e9.<\/p>\r\n\r\n\r\n<hr class=\"wp-block-separator\" \/>\r\n\r\n\r\n<h4 class=\"wp-block-heading\">Entrepreneur sp\u00e9cialis\u00e9<\/h4>\r\n\r\n\r\n\r\n<div class=\"wp-block-columns has-2-columns is-layout-flex wp-container-core-columns-is-layout-9d6595d7 wp-block-columns-is-layout-flex\">\r\n<div class=\"wp-block-column is-layout-flow wp-block-column-is-layout-flow\">\r\n<p>En tant qu&rsquo;entrepreneur sp\u00e9cialis\u00e9 en m\u00e9taux ouvr\u00e9s nous sommes en mesure de prendre en charge la section fabrication et installation pour vos projets.<\/p>\r\n\r\n\r\n\r\n<p>Nous fabriquons: <br \/>&#8211; Structures d&rsquo;acier<br \/>&#8211; Passerelles<br \/>&#8211; Gardes-corps<br \/>&#8211; Tuyauterie industrielle <br \/>&#8211; Escaliers<\/p>\r\n<\/div>\r\n\r\n\r\n\r\n<div class=\"wp-block-column is-layout-flow wp-block-column-is-layout-flow\">\r\n<figure class=\"wp-block-image size-thumbnail is-resized\"><img loading=\"lazy\" decoding=\"async\" class=\"wp-image-526\" src=\"http:\/\/groupemetalex.com\/wp-content\/uploads\/2020\/09\/Escalier01-1-e1600369282616-150x150.jpg\" alt=\"ESCALIER GALVANIS\u00c9\" width=\"230\" height=\"230\" srcset=\"https:\/\/groupemetalex.com\/wp-content\/uploads\/2020\/09\/Escalier01-1-e1600369282616-150x150.jpg 150w, https:\/\/groupemetalex.com\/wp-content\/uploads\/2020\/09\/Escalier01-1-e1600369282616-75x75.jpg 75w, https:\/\/groupemetalex.com\/wp-content\/uploads\/2020\/09\/Escalier01-1-e1600369282616-184x184.jpg 184w\" sizes=\"auto, (max-width: 230px) 100vw, 230px\" \/><\/figure>\r\n\r\n\r\n\r\n<figure class=\"wp-block-image size-thumbnail is-resized is-style-default\"><img loading=\"lazy\" decoding=\"async\" class=\"wp-image-498\" src=\"http:\/\/groupemetalex.com\/wp-content\/uploads\/2019\/11\/GardeCorpMcTavish-e1600369375884-150x150.jpg\" alt=\"GARDE CORPS ORNEMENTAL\" width=\"230\" height=\"230\" srcset=\"https:\/\/groupemetalex.com\/wp-content\/uploads\/2019\/11\/GardeCorpMcTavish-e1600369375884-150x150.jpg 150w, https:\/\/groupemetalex.com\/wp-content\/uploads\/2019\/11\/GardeCorpMcTavish-e1600369375884-75x75.jpg 75w, https:\/\/groupemetalex.com\/wp-content\/uploads\/2019\/11\/GardeCorpMcTavish-e1600369375884-184x184.jpg 184w\" sizes=\"auto, (max-width: 230px) 100vw, 230px\" \/><\/figure>\r\n\r\n\r\n\r\n<figure class=\"wp-block-image size-large is-resized\"><img loading=\"lazy\" decoding=\"async\" class=\"wp-image-506\" src=\"http:\/\/groupemetalex.com\/wp-content\/uploads\/2019\/11\/Tuyauterie-HP.png\" alt=\"TUYAUTERIE INDUSTRIELLE\" width=\"229\" height=\"171\" srcset=\"https:\/\/groupemetalex.com\/wp-content\/uploads\/2019\/11\/Tuyauterie-HP.png 800w, https:\/\/groupemetalex.com\/wp-content\/uploads\/2019\/11\/Tuyauterie-HP-300x225.png 300w, https:\/\/groupemetalex.com\/wp-content\/uploads\/2019\/11\/Tuyauterie-HP-768x576.png 768w, https:\/\/groupemetalex.com\/wp-content\/uploads\/2019\/11\/Tuyauterie-HP-220x165.png 220w, https:\/\/groupemetalex.com\/wp-content\/uploads\/2019\/11\/Tuyauterie-HP-187x140.png 187w, https:\/\/groupemetalex.com\/wp-content\/uploads\/2019\/11\/Tuyauterie-HP-453x340.png 453w\" sizes=\"auto, (max-width: 229px) 100vw, 229px\" \/><\/figure>\r\n<\/div>\r\n<\/div>\r\n\r\n\r\n<hr class=\"wp-block-separator\" \/>\r\n\r\n\r\n<h4 class=\"wp-block-heading\">Certifications<\/h4>\r\n\r\n\r\n\r\n<p>Nous d\u00e9tenons les certifications suivantes:<\/p>\r\n\r\n\r\n\r\n<div class=\"wp-block-columns has-2-columns is-layout-flex wp-container-core-columns-is-layout-9d6595d7 wp-block-columns-is-layout-flex\">\r\n<div class=\"wp-block-column is-layout-flow wp-block-column-is-layout-flow\">\r\n<p class=\"has-small-font-size\">&#8211; CWB : CSA W47.1 (acier et aluminium)<\/p>\r\n<p class=\"has-small-font-size\">&#8211; CSA W47.2 (acier et aluminium)<\/p>\r\n<p class=\"has-small-font-size\">&#8211; RBQ: 5663-1260-01<\/p>\r\n<\/div>\r\n\r\n\r\n\r\n<div class=\"wp-block-column is-layout-flow wp-block-column-is-layout-flow\">\u00a0<\/div>\r\n<\/div>\r\n\r\n\r\n\r\n\r\n\r\n<p>&nbsp;<\/p>\r\n","protected":false},"excerpt":{"rendered":"<p>Envoyez-nous vos devis pour la portion \u00ab\u00a0m\u00e9taux ouvr\u00e9s\u00a0\u00bb pour vos projets, il nous fera plaisir de travailler main dans la main avec votre \u00e9quipe pour accomplir les projets les plus diversifi\u00e9s.<\/p>\n<p>Groupe Metalex con\u00e7oit, assemble, r\u00e9pare et produit tout type d&rsquo;ouvrage m\u00e9cano-soud\u00e9. <\/p>\n","protected":false},"author":1,"featured_media":526,"parent":0,"menu_order":1,"comment_status":"closed","ping_status":"closed","template":"","meta":{"footnotes":""},"class_list":["post-104","page","type-page","status-publish","has-post-thumbnail","hentry"],"_links":{"self":[{"href":"https:\/\/groupemetalex.com\/index.php?rest_route=\/wp\/v2\/pages\/104","targetHints":{"allow":["GET"]}}],"collection":[{"href":"https:\/\/groupemetalex.com\/index.php?rest_route=\/wp\/v2\/pages"}],"about":[{"href":"https:\/\/groupemetalex.com\/index.php?rest_route=\/wp\/v2\/types\/page"}],"author":[{"embeddable":true,"href":"https:\/\/groupemetalex.com\/index.php?rest_route=\/wp\/v2\/users\/1"}],"replies":[{"embeddable":true,"href":"https:\/\/groupemetalex.com\/index.php?rest_route=%2Fwp%2Fv2%2Fcomments&post=104"}],"version-history":[{"count":61,"href":"https:\/\/groupemetalex.com\/index.php?rest_route=\/wp\/v2\/pages\/104\/revisions"}],"predecessor-version":[{"id":788,"href":"https:\/\/groupemetalex.com\/index.php?rest_route=\/wp\/v2\/pages\/104\/revisions\/788"}],"wp:featuredmedia":[{"embeddable":true,"href":"https:\/\/groupemetalex.com\/index.php?rest_route=\/wp\/v2\/media\/526"}],"wp:attachment":[{"href":"https:\/\/groupemetalex.com\/index.php?rest_route=%2Fwp%2Fv2%2Fmedia&parent=104"}],"curies":[{"name":"wp","href":"https:\/\/api.w.org\/{rel}","templated":true}]}}